{"id":8564,"date":"2025-10-01T16:10:14","date_gmt":"2025-10-01T14:10:14","guid":{"rendered":"https:\/\/leko.service.th-nuernberg.de\/owl\/?page_id=8564"},"modified":"2025-11-24T10:38:51","modified_gmt":"2025-11-24T09:38:51","slug":"accessibility","status":"publish","type":"page","link":"https:\/\/leko.service.th-nuernberg.de\/owl\/en\/accessibility\/","title":{"rendered":"Accessibility"},"content":{"rendered":"\n<div style=\"height:100px\" aria-hidden=\"true\" class=\"wp-block-spacer\"><\/div>\n\n\n\n<h2 class=\"wp-block-heading\"><strong>Accessibility statement<\/strong><\/h2>\n\n\n\n<p>The Technische Hochschule N\u00fcrnberg Georg Simon Ohm (the Ohm) is committed to ensuring digital accessibility for people with disabilities. We continuously improve user-friendliness for everyone and apply the relevant accessibility standards.<\/p>\n\n\n\n<p><\/p>\n\n\n\n<p>As a public body within the meaning of Directive (EU) 2016\/2102, we strive to make our websites accessible in accordance with the Bavarian Digital Ordinance (BayDiV) implementing Directive (EU) 2016\/2102. This accessibility statement applies to the Online Writing Lab, published at <a href=\"https:\/\/leko.service.th-nuernberg.de\/owl\/\">https:\/\/leko.service.th-nuernberg.de\/owl\/<\/a>.<\/p>\n\n\n\n<p>The basis for accessibility of this website is the internationally recognized Web Content Accessibility Guidelines (WCAG 2.1) at compliance level AA, as well as the related European standard EN 301 549 (in its current version).<\/p>\n\n\n\n<div style=\"height:30px\" aria-hidden=\"true\" class=\"wp-block-spacer\"><\/div>\n\n\n\n<h3 class=\"wp-block-heading\"><strong>Status of compliance with the requirements<\/strong><\/h3>\n\n\n\n<p>This website is currently only partially compliant with the BayDiV but is subject to an ongoing process of self-assessment and review. The Technische Hochschule N\u00fcrnberg Georg Simon Ohm (the Ohm) is working diligently to improve accessibility. This website is therefore partially compliant with the requirements of the Bavarian Digital Ordinance (BayDiV) due to the following incompatibilities.<\/p>\n\n\n\n<div style=\"height:30px\" aria-hidden=\"true\" class=\"wp-block-spacer\"><\/div>\n\n\n\n<h3 class=\"wp-block-heading\"><strong>Non-accessible content<\/strong><\/h3>\n\n\n\n<p>Despite our efforts, some users may still experience problems.<br>This is a description of the non-accessible content. Please contact us if you notice any non-accessible content that is not listed here.<\/p>\n\n\n\n<ul class=\"wp-block-list\">\n<li>Some graphics or images do not yet have alternative texts.<\/li>\n\n\n\n<li>Documents such as PDFs or PowerPoint presentations are not yet provided in a fully accessible format.<\/li>\n\n\n\n<li>For video content, audio descriptions and subtitles are only partially available.<\/li>\n\n\n\n<li>Text sections in other languages are not always marked.<\/li>\n\n\n\n<li>Due to the WordPress content management system, occasional validation errors (HTML and CSS) may occur in the source code.<\/li>\n\n\n\n<li>Easy-to-read language has not yet been implemented.<\/li>\n\n\n\n<li>Some links may be unclear.<\/li>\n<\/ul>\n\n\n\n<div style=\"height:30px\" aria-hidden=\"true\" class=\"wp-block-spacer\"><\/div>\n\n\n\n<h3 class=\"wp-block-heading\">Reason for non-accessible content<\/h3>\n\n\n\n<p>Technische Hochschule N\u00fcrnberg is continuously working to improve its website. However, due to the large amount of content, the age of some documents, and the complexity of the website, not all content and services can yet be made accessible.<\/p>\n\n\n\n<p>Current measures to improve accessibility:<\/p>\n\n\n\n<ul class=\"wp-block-list\">\n<li>Raising awareness among decentralized editors,<\/li>\n\n\n\n<li>Taking accessible design into account in new web projects,<\/li>\n\n\n\n<li>Further technical development of the content management system to support accessible content.<\/li>\n<\/ul>\n\n\n\n<div style=\"height:30px\" aria-hidden=\"true\" class=\"wp-block-spacer\"><\/div>\n\n\n\n<h3 class=\"wp-block-heading\">Compatibility with browsers and assistive technologies<\/h3>\n\n\n\n<p>This website is designed to be compatible with the following browsers:<\/p>\n\n\n\n<ul class=\"wp-block-list\">\n<li>All common browsers in the current version and at least their previous version<\/li>\n\n\n\n<li>Microsoft Edge<\/li>\n\n\n\n<li>Mozilla Firefox<\/li>\n\n\n\n<li>Google Chrome<\/li>\n\n\n\n<li>Safari<\/li>\n<\/ul>\n\n\n<br>\n\n<p>This website is designed to be compatible with the following assistive technologies:<\/p>\n\n\n\n<ul class=\"wp-block-list\">\n<li>JAWS Screen Reader<\/li>\n\n\n\n<li>NVDA<\/li>\n<\/ul>\n\n\n\n<div style=\"height:30px\" aria-hidden=\"true\" class=\"wp-block-spacer\"><\/div>\n\n\n\n<h3 class=\"wp-block-heading\">Technologies<\/h3>\n\n\n\n<p>The accessibility of this website depends on the following technologies to function:<\/p>\n\n\n\n<ul class=\"wp-block-list\">\n<li>HTML<\/li>\n\n\n\n<li>CSS<\/li>\n\n\n\n<li>Javascript<\/li>\n<\/ul>\n\n\n\n<div style=\"height:30px\" aria-hidden=\"true\" class=\"wp-block-spacer\"><\/div>\n\n\n\n<h3 class=\"wp-block-heading\">Creation of this accessibility statement<\/h3>\n\n\n\n<p>This statement was created on June 6, 2025.<\/p>\n\n\n\n<p>Technische Hochschule N\u00fcrnberg Georg Simon Ohm assessed the accessibility of this website using the following methods:<\/p>\n\n\n\n<ul class=\"wp-block-list\">\n<li>Self-assessment: The website was evaluated internally within the organization.<\/li>\n\n\n\n<li>Tests with free online tools, such as wave.webaim.org or www.accessibilitychecker.org<\/li>\n<\/ul>\n\n\n\n<p><\/p>\n\n\n\n<p>Last review: June 2025<\/p>\n\n\n\n<div style=\"height:30px\" aria-hidden=\"true\" class=\"wp-block-spacer\"><\/div>\n\n\n\n<h3 class=\"wp-block-heading\">Help and contact in case of problems<\/h3>\n\n\n\n<p>You can report deficiencies in meeting the accessibility requirements or request information that does not need to be presented in an accessible format to be made accessible.<br>Please contact us in one of the following ways:<\/p>\n\n\n\n<p>Technische Hochschule N\u00fcrnberg <br>Lehr- und Kompetenzentwicklung (LeKo)<br>Geb\u00e4ude SC<br>Innere Cramer-Klett-Stra\u00dfe 4-8<br>90403 N\u00fcrnberg<br>Tel. 0911-5880-0<br>Fax 0911-5880-8309<br>Email:\u00a0<a href=\"mailto:info@th-nuernberg.de\">leko@th-nuernberg.de<\/a><br>Website:\u00a0<a href=\"http:\/\/www.th-nuernberg.de\/\" target=\"_blank\" rel=\"noreferrer noopener\">www.th-nuernberg.de<\/a><\/p>\n\n\n\n<p>You can also contact the following office if you have questions regarding \u201cStudying with disabilities&#8220;:<\/p>\n\n\n\n<p>Office of the Representative for Students with Disabilities<br>Email:\u00a0<a href=\"mailto:barrierefreiheit@th-nuernberg.de\" target=\"_blank\" rel=\"noreferrer noopener\">barrierefreiheit@th-nuernberg.de<\/a><\/p>\n\n\n\n<div style=\"height:30px\" aria-hidden=\"true\" class=\"wp-block-spacer\"><\/div>\n\n\n\n<h3 class=\"wp-block-heading\">Enforcement procedure<\/h3>\n\n\n\n<p>If you do not receive a satisfactory response or any response at all within three weeks from the above-mentioned contact option, you can submit an online request to the enforcement office to review compliance with accessibility requirements.<br>According to \u00a7 11 BayDiV, the enforcement office is responsible for ensuring the right of citizens to barrier-free websites and mobile applications.<\/p>\n\n\n\n<p>IAs part of an enforcement procedure, you have the option to submit an\u00a0<a href=\"https:\/\/formularserver.bayern.de\/intelliform\/forms\/rzsued\/ldbv\/ldbv\/anforderungen_barrierefreiheit\/index\" target=\"_blank\" rel=\"noreferrer noopener\">online request to review compliance with accessibility<\/a>.<\/p>\n\n\n\n<p><strong>Contact:<br><\/strong>Landesamt f\u00fcr Digitalisierung, Breitband und Vermessung<br>IT-Dienstleistungszentrum des Freistaats Bayern<br>Durchsetzungs- und \u00dcberwachungsstelle\u00a0f\u00fcr barrierefreie Informationstechnik<br>St.-Martin-Stra\u00dfe 47<br>81541 M\u00fcnchen<br>Phone +49\u200989\u20092129-1111<br>Fax: +49\u200989\u20092129-1113<br>Email: <a href=\"mailto:bitv@bayern.de\">bitv@bayern.de<\/a><\/p>\n\n\n\n<div style=\"height:30px\" aria-hidden=\"true\" class=\"wp-block-spacer\"><\/div>\n","protected":false},"excerpt":{"rendered":"<p>Accessibility statement The Technische Hochschule N\u00fcrnberg Georg Simon Ohm (the Ohm) is committed to ensuring digital accessibility for people with disabilities. We continuously improve user-friendliness for everyone and apply the relevant accessibility standards. As a public body within the meaning of Directive (EU) 2016\/2102, we strive to make our websites accessible in accordance with the&hellip;<\/p>\n","protected":false},"author":8,"featured_media":0,"parent":0,"menu_order":0,"comment_status":"closed","ping_status":"closed","template":"","meta":{"_acf_changed":false,"_coblocks_attr":"","_coblocks_dimensions":"","_coblocks_responsive_height":"","_coblocks_accordion_ie_support":"","_uag_custom_page_level_css":"","site-sidebar-layout":"default","site-content-layout":"","ast-site-content-layout":"default","site-content-style":"default","site-sidebar-style":"default","ast-global-header-display":"","ast-banner-title-visibility":"","ast-main-header-display":"","ast-hfb-above-header-display":"","ast-hfb-below-header-display":"","ast-hfb-mobile-header-display":"","site-post-title":"","ast-breadcrumbs-content":"","ast-featured-img":"","footer-sml-layout":"","ast-disable-related-posts":"","theme-transparent-header-meta":"default","adv-header-id-meta":"","stick-header-meta":"","header-above-stick-meta":"","header-main-stick-meta":"","header-below-stick-meta":"","astra-migrate-meta-layouts":"set","ast-page-background-enabled":"default","ast-page-background-meta":{"desktop":{"background-color":"var(--ast-global-color-4)","background-image":"","background-repeat":"repeat","background-position":"center center","background-size":"auto","background-attachment":"scroll","background-type":"","background-media":"","overlay-type":"","overlay-color":"","overlay-opacity":"","overlay-gradient":""},"tablet":{"background-color":"","background-image":"","background-repeat":"repeat","background-position":"center center","background-size":"auto","background-attachment":"scroll","background-type":"","background-media":"","overlay-type":"","overlay-color":"","overlay-opacity":"","overlay-gradient":""},"mobile":{"background-color":"","background-image":"","background-repeat":"repeat","background-position":"center center","background-size":"auto","background-attachment":"scroll","background-type":"","background-media":"","overlay-type":"","overlay-color":"","overlay-opacity":"","overlay-gradient":""}},"ast-content-background-meta":{"desktop":{"background-color":"var(--ast-global-color-5)","background-image":"","background-repeat":"repeat","background-position":"center center","background-size":"auto","background-attachment":"scroll","background-type":"","background-media":"","overlay-type":"","overlay-color":"","overlay-opacity":"","overlay-gradient":""},"tablet":{"background-color":"var(--ast-global-color-5)","background-image":"","background-repeat":"repeat","background-position":"center center","background-size":"auto","background-attachment":"scroll","background-type":"","background-media":"","overlay-type":"","overlay-color":"","overlay-opacity":"","overlay-gradient":""},"mobile":{"background-color":"var(--ast-global-color-5)","background-image":"","background-repeat":"repeat","background-position":"center center","background-size":"auto","background-attachment":"scroll","background-type":"","background-media":"","overlay-type":"","overlay-color":"","overlay-opacity":"","overlay-gradient":""}},"footnotes":""},"class_list":["post-8564","page","type-page","status-publish","hentry"],"acf":[],"yoast_head":"<!-- This site is optimized with the Yoast SEO plugin v27.1.1 - https:\/\/yoast.com\/product\/yoast-seo-wordpress\/ -->\n<title>Accessibility - Online Writing Lab<\/title>\n<meta name=\"robots\" content=\"index, follow, max-snippet:-1, max-image-preview:large, max-video-preview:-1\" \/>\n<link rel=\"canonical\" href=\"https:\/\/leko.service.th-nuernberg.de\/owl\/en\/accessibility\/\" \/>\n<meta property=\"og:locale\" content=\"de_DE\" \/>\n<meta property=\"og:type\" content=\"article\" \/>\n<meta property=\"og:title\" content=\"Accessibility - Online Writing Lab\" \/>\n<meta property=\"og:description\" content=\"Accessibility statement The Technische Hochschule N\u00fcrnberg Georg Simon Ohm (the Ohm) is committed to ensuring digital accessibility for people with disabilities. We continuously improve user-friendliness for everyone and apply the relevant accessibility standards. As a public body within the meaning of Directive (EU) 2016\/2102, we strive to make our websites accessible in accordance with the&hellip;\" \/>\n<meta property=\"og:url\" content=\"https:\/\/leko.service.th-nuernberg.de\/owl\/en\/accessibility\/\" \/>\n<meta property=\"og:site_name\" content=\"Online Writing Lab\" \/>\n<meta property=\"article:modified_time\" content=\"2025-11-24T09:38:51+00:00\" \/>\n<meta name=\"twitter:card\" content=\"summary_large_image\" \/>\n<meta name=\"twitter:label1\" content=\"Gesch\u00e4tzte Lesezeit\" \/>\n\t<meta name=\"twitter:data1\" content=\"4\u00a0Minuten\" \/>\n<script type=\"application\/ld+json\" class=\"yoast-schema-graph\">{\"@context\":\"https:\/\/schema.org\",\"@graph\":[{\"@type\":\"WebPage\",\"@id\":\"https:\/\/leko.service.th-nuernberg.de\/owl\/en\/accessibility\/\",\"url\":\"https:\/\/leko.service.th-nuernberg.de\/owl\/en\/accessibility\/\",\"name\":\"Accessibility - Online Writing Lab\",\"isPartOf\":{\"@id\":\"https:\/\/leko.service.th-nuernberg.de\/owl\/#website\"},\"datePublished\":\"2025-10-01T14:10:14+00:00\",\"dateModified\":\"2025-11-24T09:38:51+00:00\",\"breadcrumb\":{\"@id\":\"https:\/\/leko.service.th-nuernberg.de\/owl\/en\/accessibility\/#breadcrumb\"},\"inLanguage\":\"de\",\"potentialAction\":[{\"@type\":\"ReadAction\",\"target\":[\"https:\/\/leko.service.th-nuernberg.de\/owl\/en\/accessibility\/\"]}]},{\"@type\":\"BreadcrumbList\",\"@id\":\"https:\/\/leko.service.th-nuernberg.de\/owl\/en\/accessibility\/#breadcrumb\",\"itemListElement\":[{\"@type\":\"ListItem\",\"position\":1,\"name\":\"Startseite\",\"item\":\"https:\/\/leko.service.th-nuernberg.de\/owl\/\"},{\"@type\":\"ListItem\",\"position\":2,\"name\":\"Accessibility\"}]},{\"@type\":\"WebSite\",\"@id\":\"https:\/\/leko.service.th-nuernberg.de\/owl\/#website\",\"url\":\"https:\/\/leko.service.th-nuernberg.de\/owl\/\",\"name\":\"Online Writing Lab\",\"description\":\"\",\"publisher\":{\"@id\":\"https:\/\/leko.service.th-nuernberg.de\/owl\/#organization\"},\"potentialAction\":[{\"@type\":\"SearchAction\",\"target\":{\"@type\":\"EntryPoint\",\"urlTemplate\":\"https:\/\/leko.service.th-nuernberg.de\/owl\/?s={search_term_string}\"},\"query-input\":{\"@type\":\"PropertyValueSpecification\",\"valueRequired\":true,\"valueName\":\"search_term_string\"}}],\"inLanguage\":\"de\"},{\"@type\":\"Organization\",\"@id\":\"https:\/\/leko.service.th-nuernberg.de\/owl\/#organization\",\"name\":\"Online Writing Lab\",\"url\":\"https:\/\/leko.service.th-nuernberg.de\/owl\/\",\"logo\":{\"@type\":\"ImageObject\",\"inLanguage\":\"de\",\"@id\":\"https:\/\/leko.service.th-nuernberg.de\/owl\/#\/schema\/logo\/image\/\",\"url\":\"https:\/\/leko.service.th-nuernberg.de\/owl\/wp-content\/uploads\/ohm-logo.png\",\"contentUrl\":\"https:\/\/leko.service.th-nuernberg.de\/owl\/wp-content\/uploads\/ohm-logo.png\",\"width\":1413,\"height\":342,\"caption\":\"Online Writing Lab\"},\"image\":{\"@id\":\"https:\/\/leko.service.th-nuernberg.de\/owl\/#\/schema\/logo\/image\/\"}}]}<\/script>\n<!-- \/ Yoast SEO plugin. -->","yoast_head_json":{"title":"Accessibility - Online Writing Lab","robots":{"index":"index","follow":"follow","max-snippet":"max-snippet:-1","max-image-preview":"max-image-preview:large","max-video-preview":"max-video-preview:-1"},"canonical":"https:\/\/leko.service.th-nuernberg.de\/owl\/en\/accessibility\/","og_locale":"de_DE","og_type":"article","og_title":"Accessibility - Online Writing Lab","og_description":"Accessibility statement The Technische Hochschule N\u00fcrnberg Georg Simon Ohm (the Ohm) is committed to ensuring digital accessibility for people with disabilities. We continuously improve user-friendliness for everyone and apply the relevant accessibility standards. As a public body within the meaning of Directive (EU) 2016\/2102, we strive to make our websites accessible in accordance with the&hellip;","og_url":"https:\/\/leko.service.th-nuernberg.de\/owl\/en\/accessibility\/","og_site_name":"Online Writing Lab","article_modified_time":"2025-11-24T09:38:51+00:00","twitter_card":"summary_large_image","twitter_misc":{"Gesch\u00e4tzte Lesezeit":"4\u00a0Minuten"},"schema":{"@context":"https:\/\/schema.org","@graph":[{"@type":"WebPage","@id":"https:\/\/leko.service.th-nuernberg.de\/owl\/en\/accessibility\/","url":"https:\/\/leko.service.th-nuernberg.de\/owl\/en\/accessibility\/","name":"Accessibility - Online Writing Lab","isPartOf":{"@id":"https:\/\/leko.service.th-nuernberg.de\/owl\/#website"},"datePublished":"2025-10-01T14:10:14+00:00","dateModified":"2025-11-24T09:38:51+00:00","breadcrumb":{"@id":"https:\/\/leko.service.th-nuernberg.de\/owl\/en\/accessibility\/#breadcrumb"},"inLanguage":"de","potentialAction":[{"@type":"ReadAction","target":["https:\/\/leko.service.th-nuernberg.de\/owl\/en\/accessibility\/"]}]},{"@type":"BreadcrumbList","@id":"https:\/\/leko.service.th-nuernberg.de\/owl\/en\/accessibility\/#breadcrumb","itemListElement":[{"@type":"ListItem","position":1,"name":"Startseite","item":"https:\/\/leko.service.th-nuernberg.de\/owl\/"},{"@type":"ListItem","position":2,"name":"Accessibility"}]},{"@type":"WebSite","@id":"https:\/\/leko.service.th-nuernberg.de\/owl\/#website","url":"https:\/\/leko.service.th-nuernberg.de\/owl\/","name":"Online Writing Lab","description":"","publisher":{"@id":"https:\/\/leko.service.th-nuernberg.de\/owl\/#organization"},"potentialAction":[{"@type":"SearchAction","target":{"@type":"EntryPoint","urlTemplate":"https:\/\/leko.service.th-nuernberg.de\/owl\/?s={search_term_string}"},"query-input":{"@type":"PropertyValueSpecification","valueRequired":true,"valueName":"search_term_string"}}],"inLanguage":"de"},{"@type":"Organization","@id":"https:\/\/leko.service.th-nuernberg.de\/owl\/#organization","name":"Online Writing Lab","url":"https:\/\/leko.service.th-nuernberg.de\/owl\/","logo":{"@type":"ImageObject","inLanguage":"de","@id":"https:\/\/leko.service.th-nuernberg.de\/owl\/#\/schema\/logo\/image\/","url":"https:\/\/leko.service.th-nuernberg.de\/owl\/wp-content\/uploads\/ohm-logo.png","contentUrl":"https:\/\/leko.service.th-nuernberg.de\/owl\/wp-content\/uploads\/ohm-logo.png","width":1413,"height":342,"caption":"Online Writing Lab"},"image":{"@id":"https:\/\/leko.service.th-nuernberg.de\/owl\/#\/schema\/logo\/image\/"}}]}},"uagb_featured_image_src":{"full":false,"thumbnail":false,"medium":false,"medium_large":false,"large":false,"1536x1536":false,"2048x2048":false},"uagb_author_info":{"display_name":"Dzifa Vode","author_link":"https:\/\/leko.service.th-nuernberg.de\/owl\/author\/dzifa\/"},"uagb_comment_info":0,"uagb_excerpt":"Accessibility statement The Technische Hochschule N\u00fcrnberg Georg Simon Ohm (the Ohm) is committed to ensuring digital accessibility for people with disabilities. We continuously improve user-friendliness for everyone and apply the relevant accessibility standards. As a public body within the meaning of Directive (EU) 2016\/2102, we strive to make our websites accessible in accordance with the&hellip;","_links":{"self":[{"href":"https:\/\/leko.service.th-nuernberg.de\/owl\/wp-json\/wp\/v2\/pages\/8564","targetHints":{"allow":["GET"]}}],"collection":[{"href":"https:\/\/leko.service.th-nuernberg.de\/owl\/wp-json\/wp\/v2\/pages"}],"about":[{"href":"https:\/\/leko.service.th-nuernberg.de\/owl\/wp-json\/wp\/v2\/types\/page"}],"author":[{"embeddable":true,"href":"https:\/\/leko.service.th-nuernberg.de\/owl\/wp-json\/wp\/v2\/users\/8"}],"replies":[{"embeddable":true,"href":"https:\/\/leko.service.th-nuernberg.de\/owl\/wp-json\/wp\/v2\/comments?post=8564"}],"version-history":[{"count":10,"href":"https:\/\/leko.service.th-nuernberg.de\/owl\/wp-json\/wp\/v2\/pages\/8564\/revisions"}],"predecessor-version":[{"id":9298,"href":"https:\/\/leko.service.th-nuernberg.de\/owl\/wp-json\/wp\/v2\/pages\/8564\/revisions\/9298"}],"wp:attachment":[{"href":"https:\/\/leko.service.th-nuernberg.de\/owl\/wp-json\/wp\/v2\/media?parent=8564"}],"curies":[{"name":"wp","href":"https:\/\/api.w.org\/{rel}","templated":true}]}}