{"id":1723,"date":"2022-09-15T18:51:25","date_gmt":"2022-09-15T16:51:25","guid":{"rendered":"https:\/\/blendedlearning.th-nuernberg.de\/portal_digitale_lehre\/?page_id=1723"},"modified":"2024-11-20T09:58:11","modified_gmt":"2024-11-20T08:58:11","slug":"ueber-das-portal","status":"publish","type":"page","link":"https:\/\/leko.service.th-nuernberg.de\/portal-digitale-lehre\/ueber-das-portal\/","title":{"rendered":"\u00dcber das Portal Digitale Lehre"},"content":{"rendered":"\n<div class=\"wp-block-cover alignfull is-light\"><span aria-hidden=\"true\" class=\"wp-block-cover__background has-background-dim-0 has-background-dim\"><\/span><img loading=\"lazy\" decoding=\"async\" width=\"1920\" height=\"1205\" class=\"wp-block-cover__image-background wp-image-1851\" alt=\"Personen halten ein Ausrufezeichen und ein Fragezeichen in der Hand\" src=\"https:\/\/leko.service.th-nuernberg.de\/portal-digitale-lehre\/wp-content\/uploads\/2022\/09\/AdobeStock_319155750_reduziert.jpg\" style=\"object-position:51% 12%\" data-object-fit=\"cover\" data-object-position=\"51% 12%\" srcset=\"https:\/\/leko.service.th-nuernberg.de\/portal-digitale-lehre\/wp-content\/uploads\/2022\/09\/AdobeStock_319155750_reduziert.jpg 1920w, https:\/\/leko.service.th-nuernberg.de\/portal-digitale-lehre\/wp-content\/uploads\/2022\/09\/AdobeStock_319155750_reduziert-1024x643.jpg 1024w, https:\/\/leko.service.th-nuernberg.de\/portal-digitale-lehre\/wp-content\/uploads\/2022\/09\/AdobeStock_319155750_reduziert-768x482.jpg 768w, https:\/\/leko.service.th-nuernberg.de\/portal-digitale-lehre\/wp-content\/uploads\/2022\/09\/AdobeStock_319155750_reduziert-1536x964.jpg 1536w\" sizes=\"auto, (max-width: 1920px) 100vw, 1920px\" \/><div class=\"wp-block-cover__inner-container is-layout-flow wp-block-cover-is-layout-flow\">\n<section class=\"wp-block-uagb-section uagb-section__wrap uagb-section__background-gradient uagb-block-967175bd\"><div class=\"uagb-section__overlay\"><\/div><div class=\"uagb-section__inner-wrap\">\n<h2 class=\"has-ast-global-color-5-color has-text-color wp-block-heading\">\u00dcber das Portal Digitale Lehre<\/h2>\n\n\n\n<p><\/p>\n<\/div><\/section>\n<\/div><\/div>\n\n\n\n<div style=\"height:30px\" aria-hidden=\"true\" class=\"wp-block-spacer\"><\/div>\n\n\n\n<div class=\"wp-block-coblocks-row coblocks-row-9512527187\" data-columns=\"2\" data-layout=\"66-33\"><div class=\"wp-block-coblocks-row__inner has-no-padding has-no-margin is-stacked-on-mobile has-medium-gutter\">\n<div class=\"wp-block-coblocks-column coblocks-column-9512529608\" style=\"width:55.00%\"><div class=\"wp-block-coblocks-column__inner has-no-padding has-no-margin\">\n<h2 class=\"wp-block-heading\">Was ist das Portal Digitale Lehre?<\/h2>\n\n\n\n<p>Das Portal Digitale Lehre ist das Eingangstor zur digitalen Lehre an der TH N\u00fcrnberg und dar\u00fcber hinaus. Es ist ein Angebot f\u00fcr Lehrende, die neue Ideen und L\u00f6sungen zur Gestaltung ihrer Hochschullehre suchen und soll die Orientierung in einem komplexen und vielf\u00e4ltigen Themengebiet erleichtern. Zudem b\u00fcndelt das Portal bereits bestehende Angebote der TH N\u00fcrnberg, wie das <a rel=\"noopener\" href=\"https:\/\/leko.service.th-nuernberg.de\/wiki-digitale-lehre\/doku.php\" data-type=\"URL\" data-id=\"https:\/\/leko.service.th-nuernberg.de\/wiki-digitale-lehre\/doku.php\" target=\"_blank\">Wiki Digitale Lehre<\/a>, das <a rel=\"noopener\" href=\"https:\/\/elearning.ohmportal.de\/login\/index.php\" target=\"_blank\">Lernmanagmentsystem Moodle<\/a> oder <a rel=\"noopener\" href=\"https:\/\/mediasharing.service.th-nuernberg.de\/\" target=\"_blank\">THN Mediasharing<\/a>.<br><br>Die Webseite des Portals wird von Mitarbeiter*innen der zentralen Einrichtung <a rel=\"noopener\" href=\"https:\/\/th-nuernberg.de\/leko\" target=\"_blank\">Lehr- und Kompetenzentwicklung (LeKo)<\/a> der TH N\u00fcrnberg entwickelt und betreut. Fast alle Praxisbeispiele und viele Anleitungen wurden in Zusammenarbeit mit Lehrenden der TH N\u00fcrnberg entwickelt.<br><br>Auf dem Portal Digitale Lehre finden Sie unterschiedliche Inhalte und Hilfestellungen rund um den Themenkomplex Digitale Lehre. In Praxisbeispielen teilen Lehrende Ihre Erfahrungen aus der Lehre, Anleitungen helfen Ihnen bei der Umsetzung Ihrer Ideen und freie Lehrmaterialien bereichern nachhaltig die Bildung.  <\/p>\n\n\n\n<div style=\"height:40px\" aria-hidden=\"true\" class=\"wp-block-spacer\"><\/div>\n\n\n\n<h2 class=\"wp-block-heading\">FAQ<\/h2>\n\n\n\n<div class=\"wp-block-coblocks-accordion\">\n<div class=\"wp-block-coblocks-accordion-item\"><details><summary class=\"wp-block-coblocks-accordion-item__title\">Wie kann ich mich einbringen?<\/summary><div class=\"wp-block-coblocks-accordion-item__content\">\n<p>Wenn Sie ein eigenes Praxisbeispiel, eine Anleitung oder freie Lehrmaterialien teilen wollen, komm Sie gerne auf uns zu! Auf der Seite <a href=\"https:\/\/leko.service.th-nuernberg.de\/portal-digitale-lehre\/beitragen\/\" target=\"_blank\" rel=\"noopener\">Beitragen<\/a>.<\/p>\n<\/div><\/details><\/div>\n\n\n\n<div class=\"wp-block-coblocks-accordion-item\"><details><summary class=\"wp-block-coblocks-accordion-item__title\">W\u00e4chst das Portal noch weiter?<\/summary><div class=\"wp-block-coblocks-accordion-item__content\">\n<p>Ja, wir arbeiten best\u00e4ndig daran die Inhalte in Zusammenarbeit mit den Lehrenden der TH N\u00fcrnberg zu erweitern.<\/p>\n<\/div><\/details><\/div>\n\n\n\n<div class=\"wp-block-coblocks-accordion-item\"><details><summary class=\"wp-block-coblocks-accordion-item__title\">Auf meine Frage habe ich leider keine Antwort gefunden, kann mir jemand weiterhelfen?<\/summary><div class=\"wp-block-coblocks-accordion-item__content\">\n<p>Treten Sie gerne \u00fcber die <a href=\"mailto:leko@th-nuernberg.de\" target=\"_blank\" rel=\"noopener\">leko@th-nuernberg.de<\/a> mit uns in Kontakt!<\/p>\n<\/div><\/details><\/div>\n\n\n\n<div class=\"wp-block-coblocks-accordion-item\"><details><summary class=\"wp-block-coblocks-accordion-item__title\">Was ist der Unterschied zwischen einem Praxisbeispiel und einer Anleitung?<\/summary><div class=\"wp-block-coblocks-accordion-item__content\">\n<p>In einem Praxisbeispiel berichten Lehrende in kurzen Beitr\u00e4gen von einem Beispiel aus Ihrer Lehre. Hierbei kann es sich um Methoden, Medien oder anderen Tools drehen. <br><br>Eine Anleitung ist entweder technisch, etwa zur Produktion digitaler Lehrmaterialien oder hybrider Lehrsettings, oder didaktisch, zur Lehrveranstaltungsplanung und der Umsetzung neuer Lehrmethoden.<\/p>\n<\/div><\/details><\/div>\n\n\n\n<div class=\"wp-block-coblocks-accordion-item\"><details><summary class=\"wp-block-coblocks-accordion-item__title\">Was ist der Lehrkompass?<\/summary><div class=\"wp-block-coblocks-accordion-item__content\">\n<p>Der Lehrkompass unterst\u00fctzt Sie bei der L\u00f6sungsfindung f\u00fcr die Gestaltung ihrer Lehre.  Hier finden Sie den didaktischen Leitfaden &#8211; eine Artikel-Reihe anhand derer Sie Ihren eigenen Lehrplan gestalten k\u00f6nnen. Und den interaktiven Wegweiser f\u00fcr Medien in der Lehre, einem interaktiven Suchassistenten, welcher Sie bei der Auswahl des f\u00fcr Sie passenden Praxisbeispiels oder der passenden Anleitung unterst\u00fctzt.<\/p>\n<\/div><\/details><\/div>\n\n\n\n<div class=\"wp-block-coblocks-accordion-item\"><details><summary class=\"wp-block-coblocks-accordion-item__title\">Was ist der didaktische Leitfaden?<\/summary><div class=\"wp-block-coblocks-accordion-item__content\">\n<p>Der didaktische Leitfaden ist eine Artikel-Reihe, welcher einen roten Faden f\u00fcr den Einstieg in die didaktische Lehrplanung bietet. Mit der Bearbeitung aller Artikel gestalten Sie ihren eigenen Lehrplan, der Ihnen hilft ein Semester inhaltlich zu organisieren und konkrete Veranstaltungen zu planen.<\/p>\n<\/div><\/details><\/div>\n\n\n\n<div class=\"wp-block-coblocks-accordion-item\"><details><summary class=\"wp-block-coblocks-accordion-item__title\">Wie nutze ich den Interaktiven Wegweiser f\u00fcr Medien in der Lehre?<\/summary><div class=\"wp-block-coblocks-accordion-item__content\">\n<p>Durch das Beantworten mehrerer Fragen erhalten Sie konkrete Vorschl\u00e4ge f\u00fcr Anleitungen und Praxisbeispiele zu Ihrem Thema.<\/p>\n<\/div><\/details><\/div>\n\n\n\n<div class=\"wp-block-coblocks-accordion-item\"><details><summary class=\"wp-block-coblocks-accordion-item__title\">Was ist OER?<\/summary><div class=\"wp-block-coblocks-accordion-item__content\">\n<p>Open Educational Resources (OER) sind frei verf\u00fcgbare Lehrmaterialien. OER bieten die M\u00f6glichkeit digitale Lehrmaterialien von anderen f\u00fcr die eigene Lehre zu nutzen, sie anzupassen oder eigene Materialien f\u00fcr die freie Nutzung zur Verf\u00fcgung zu stellen. OER k\u00f6nnen unter anderem sein: Texte, Grafiken, Videos oder auch ganze Online-Kurse. Mit den Lizenzen von Creative Commons, kann jeder selbst entscheiden, wie die eigenen Materialien verwendet werden d\u00fcrfen.<\/p>\n<\/div><\/details><\/div>\n<\/div>\n\n\n\n<div style=\"height:40px\" aria-hidden=\"true\" class=\"wp-block-spacer\"><\/div>\n\n\n\n<p>Wir, die<a rel=\"noopener\" href=\"https:\/\/www.th-nuernberg.de\/leko\" target=\"_blank\"> Lehr- und Kompetenzentwicklung (LeKo)<\/a> der TH N\u00fcrnberg, verstehen die Webseite gem\u00e4\u00df unseres <a href=\"https:\/\/www.th-nuernberg.de\/hochschule-region\/strategie-und-profil\/leitbild-lehren-und-lernen-im-dialog-sein\/\">Leitbilds Lehren und Lernen &#8211; im Dialog sein<\/a> als lebendige Plattform in einem best\u00e4ndigen Entwicklungsprozess. Wir laden alle Lehrenden dazu ein, das Portal Digitale Lehre mit einem eigenen Praxisbeispiel, einer Anleitung oder insbesondere mit freien Lehrmaterialien zu bereichern.&nbsp;<\/p>\n\n\n\n<div style=\"height:40px\" aria-hidden=\"true\" class=\"wp-block-spacer\"><\/div>\n\n\n\n<div class=\"wp-block-buttons is-content-justification-left is-layout-flex wp-container-core-buttons-is-layout-fc4fd283 wp-block-buttons-is-layout-flex\">\n<div class=\"wp-block-button\"><a class=\"wp-block-button__link\" href=\"mailto:leko@th-nuernberg.de\">Kontakt aufnehmen<\/a><\/div>\n\n\n\n<div class=\"wp-block-button\"><a class=\"wp-block-button__link\" href=\"https:\/\/leko.service.th-nuernberg.de\/portal-digitale-lehre\/beitragen\/\" target=\"_blank\" rel=\"noopener\">Beitragen<\/a><\/div>\n<\/div>\n<\/div><\/div>\n\n\n\n<div class=\"wp-block-coblocks-column coblocks-column-9512529618\" style=\"width:44.00%\"><div class=\"wp-block-coblocks-column__inner has-no-padding has-no-margin\">\n<h2 class=\"wp-block-heading\">Sitemap<\/h2>\n\n\n\n<ul class=\"tree wp-block-list\"><li><strong><a href=\"https:\/\/leko.service.th-nuernberg.de\/portal-digitale-lehre\/\" data-type=\"page\" data-id=\"2\">Startseite des Portal Digitale Lehre<\/a><\/strong> <ul><li><strong><a href=\"https:\/\/leko.service.th-nuernberg.de\/portal-digitale-lehre\/?s=\" data-type=\"URL\" data-id=\"https:\/\/leko.service.th-nuernberg.de\/portal-digitale-lehre\/?s=\">Suchfunktion<\/a><\/strong><br><em>Durchsucht Praxisbeispiele und Anleitungen des Portals, das Wiki Digitale Lehre, die Lehrmedienplattform THN Mediasharing und OERSI (Meta Suchmaschine f\u00fcr Open Educational Ressources)<\/em><\/li><li><strong><a href=\"\/portal-digitale-lehre\/praxisbeispiele\/\" data-type=\"URL\" data-id=\"\/portal-digitale-lehre\/praxisbeispiele\/\">Praxisbeispiele<\/a><\/strong><br><em>\u00dcbersicht aller verf\u00fcgbaren Praxisbeispiele, sortiert nach Kategorien<\/em><\/li><li><strong><a href=\"https:\/\/leko.service.th-nuernberg.de\/portal-digitale-lehre\/thn-anleitungen\/\" data-type=\"page\" data-id=\"277\">Anleitungen<\/a><\/strong><br><em>\u00dcbersicht \u00fcber die Anleitungen auf dem Portal Digitale Lehre, sowie weiterer Plattformen mit Anleitungen<\/em><ul><li>Liste aller Anleitungen auf dem Portal<\/li><li>Weiterleitungen auf andere TH Plattformen und externe Angebote<br><em>Wiki Digitale Lehre, Video Anleitungen auf THN Mediasharing, Selbstlernkurse und Hinweise auf externe E-Learning Angebote anderer Hochschulen und Kooperationen<\/em><\/li><\/ul><\/li><li><strong><a href=\"https:\/\/leko.service.th-nuernberg.de\/portal-digitale-lehre\/freie-lehrmaterialien\/\" data-type=\"page\" data-id=\"274\">Freie Lehrmaterialien<\/a><\/strong><br><em>Informationen, Anleitungen und Unterst\u00fctzungsangebote rund um das Thema Open Educational Ressources (OER)<\/em><\/li><li><strong><a href=\"https:\/\/leko.service.th-nuernberg.de\/portal-digitale-lehre\/lehrkompass\/\" data-type=\"page\" data-id=\"285\">Lehrkompass<\/a><\/strong><br><em>Artikel-Serien und interaktive Anwendungen zur Weiterentwicklung der Lehre<\/em><ul><li><strong><a href=\"https:\/\/leko.service.th-nuernberg.de\/portal-digitale-lehre\/lehrkompass\/#didaktik-leitfaden\" data-type=\"URL\" data-id=\"https:\/\/leko.service.th-nuernberg.de\/portal-digitale-lehre\/lehrkompass\/#didaktik-leitfaden\">Didaktischer Leitfaden zur Planung der eigenen Lehre<\/a><\/strong><br><em>Artikelserie zur Lehrplanung mit vielen praktischen Elementen zum Mitmachen<\/em><\/li><li><a href=\"https:\/\/leko.service.th-nuernberg.de\/portal-digitale-lehre\/wegweiser-medien\/\" data-type=\"page\" data-id=\"446\"><strong>Interaktiver Wegweiser f\u00fcr Medien in der Lehre<\/strong><\/a><br><em>Interaktives Tool zum Finden der passenden Anleitungen und Praxisbeispiele<\/em><\/li><\/ul><\/li><li><strong><a href=\"https:\/\/leko.service.th-nuernberg.de\/portal-digitale-lehre\/technologien\/\" data-type=\"page\" data-id=\"283\">THN Plattformen<\/a><\/strong><br><em>\u00dcbersicht \u00fcber die eingesetzten Technologien f\u00fcr die Lehre an der TH-N\u00fcrnberg<\/em><\/li><li><strong><a href=\"https:\/\/leko.service.th-nuernberg.de\/portal-digitale-lehre\/beitragen\/\" data-type=\"page\" data-id=\"178\">Beitragen<\/a><\/strong><br><em>Aufruf zum Teilen von Erfahrungsberichten und Materialien. Unterst\u00fctzung<\/em><\/li><li><strong><a href=\"https:\/\/leko.service.th-nuernberg.de\/portal-digitale-lehre\/ueber-das-portal\/\" data-type=\"page\" data-id=\"1723\">\u00dcber das Portal Digitale Lehre<\/a><\/strong><br><em>Diese Seite<\/em><\/li><li><strong>Legals<\/strong><br><em>Impressum, Datenschutzerkl\u00e4rung und Nutzungsbedingungen<\/em><\/li><\/ul><\/li><\/ul>\n<\/div><\/div>\n<\/div><\/div>\n\n\n\n<div style=\"height:60px\" aria-hidden=\"true\" class=\"wp-block-spacer\"><\/div>\n","protected":false},"excerpt":{"rendered":"","protected":false},"author":1,"featured_media":0,"parent":0,"menu_order":0,"comment_status":"closed","ping_status":"closed","template":"","meta":{"_acf_changed":false,"_coblocks_attr":"","_coblocks_dimensions":"","_coblocks_responsive_height":"","_coblocks_accordion_ie_support":"","_uag_custom_page_level_css":"","site-sidebar-layout":"default","site-content-layout":"","ast-site-content-layout":"default","site-content-style":"default","site-sidebar-style":"default","ast-global-header-display":"","ast-banner-title-visibility":"","ast-main-header-display":"","ast-hfb-above-header-display":"","ast-hfb-below-header-display":"","ast-hfb-mobile-header-display":"","site-post-title":"","ast-breadcrumbs-content":"","ast-featured-img":"","footer-sml-layout":"","ast-disable-related-posts":"","theme-transparent-header-meta":"","adv-header-id-meta":"","stick-header-meta":"","header-above-stick-meta":"","header-main-stick-meta":"","header-below-stick-meta":"","astra-migrate-meta-layouts":"set","ast-page-background-enabled":"default","ast-page-background-meta":{"desktop":{"background-color":"var(--ast-global-color-4)","background-image":"","background-repeat":"repeat","background-position":"center center","background-size":"auto","background-attachment":"scroll","background-type":"","background-media":"","overlay-type":"","overlay-color":"","overlay-opacity":"","overlay-gradient":""},"tablet":{"background-color":"","background-image":"","background-repeat":"repeat","background-position":"center center","background-size":"auto","background-attachment":"scroll","background-type":"","background-media":"","overlay-type":"","overlay-color":"","overlay-opacity":"","overlay-gradient":""},"mobile":{"background-color":"","background-image":"","background-repeat":"repeat","background-position":"center center","background-size":"auto","background-attachment":"scroll","background-type":"","background-media":"","overlay-type":"","overlay-color":"","overlay-opacity":"","overlay-gradient":""}},"ast-content-background-meta":{"desktop":{"background-color":"var(--ast-global-color-5)","background-image":"","background-repeat":"repeat","background-position":"center center","background-size":"auto","background-attachment":"scroll","background-type":"","background-media":"","overlay-type":"","overlay-color":"","overlay-opacity":"","overlay-gradient":""},"tablet":{"background-color":"var(--ast-global-color-5)","background-image":"","background-repeat":"repeat","background-position":"center center","background-size":"auto","background-attachment":"scroll","background-type":"","background-media":"","overlay-type":"","overlay-color":"","overlay-opacity":"","overlay-gradient":""},"mobile":{"background-color":"var(--ast-global-color-5)","background-image":"","background-repeat":"repeat","background-position":"center center","background-size":"auto","background-attachment":"scroll","background-type":"","background-media":"","overlay-type":"","overlay-color":"","overlay-opacity":"","overlay-gradient":""}},"footnotes":""},"class_list":["post-1723","page","type-page","status-publish","hentry"],"acf":[],"uagb_featured_image_src":{"full":false,"thumbnail":false,"medium":false,"medium_large":false,"large":false,"1536x1536":false,"2048x2048":false},"uagb_author_info":{"display_name":"admin","author_link":"https:\/\/leko.service.th-nuernberg.de\/portal-digitale-lehre\/author\/admin\/"},"uagb_comment_info":0,"uagb_excerpt":null,"_links":{"self":[{"href":"https:\/\/leko.service.th-nuernberg.de\/portal-digitale-lehre\/wp-json\/wp\/v2\/pages\/1723","targetHints":{"allow":["GET"]}}],"collection":[{"href":"https:\/\/leko.service.th-nuernberg.de\/portal-digitale-lehre\/wp-json\/wp\/v2\/pages"}],"about":[{"href":"https:\/\/leko.service.th-nuernberg.de\/portal-digitale-lehre\/wp-json\/wp\/v2\/types\/page"}],"author":[{"embeddable":true,"href":"https:\/\/leko.service.th-nuernberg.de\/portal-digitale-lehre\/wp-json\/wp\/v2\/users\/1"}],"replies":[{"embeddable":true,"href":"https:\/\/leko.service.th-nuernberg.de\/portal-digitale-lehre\/wp-json\/wp\/v2\/comments?post=1723"}],"version-history":[{"count":25,"href":"https:\/\/leko.service.th-nuernberg.de\/portal-digitale-lehre\/wp-json\/wp\/v2\/pages\/1723\/revisions"}],"predecessor-version":[{"id":2844,"href":"https:\/\/leko.service.th-nuernberg.de\/portal-digitale-lehre\/wp-json\/wp\/v2\/pages\/1723\/revisions\/2844"}],"wp:attachment":[{"href":"https:\/\/leko.service.th-nuernberg.de\/portal-digitale-lehre\/wp-json\/wp\/v2\/media?parent=1723"}],"curies":[{"name":"wp","href":"https:\/\/api.w.org\/{rel}","templated":true}]}}