{"id":178,"date":"2022-04-14T21:55:42","date_gmt":"2022-04-14T19:55:42","guid":{"rendered":"https:\/\/blendedlearning.th-nuernberg.de\/portal_digitale_lehre\/?page_id=178"},"modified":"2023-11-06T16:30:05","modified_gmt":"2023-11-06T15:30:05","slug":"beitragen","status":"publish","type":"page","link":"https:\/\/leko.service.th-nuernberg.de\/portal-digitale-lehre\/beitragen\/","title":{"rendered":"Beitragen"},"content":{"rendered":"\n<div class=\"wp-block-cover alignfull is-light\" style=\"min-height:473px;aspect-ratio:unset;\"><span aria-hidden=\"true\" class=\"wp-block-cover__background has-background-dim-0 has-background-dim\"><\/span><img loading=\"lazy\" decoding=\"async\" width=\"1920\" height=\"640\" class=\"wp-block-cover__image-background wp-image-1114\" alt=\"header_seite_beitragen\" src=\"https:\/\/leko.service.th-nuernberg.de\/portal-digitale-lehre\/wp-content\/uploads\/2022\/08\/AdobeStock_510103412_reduziert.jpg\" style=\"object-position:76% 42%\" data-object-fit=\"cover\" data-object-position=\"76% 42%\" srcset=\"https:\/\/leko.service.th-nuernberg.de\/portal-digitale-lehre\/wp-content\/uploads\/2022\/08\/AdobeStock_510103412_reduziert.jpg 1920w, https:\/\/leko.service.th-nuernberg.de\/portal-digitale-lehre\/wp-content\/uploads\/2022\/08\/AdobeStock_510103412_reduziert-1024x341.jpg 1024w, https:\/\/leko.service.th-nuernberg.de\/portal-digitale-lehre\/wp-content\/uploads\/2022\/08\/AdobeStock_510103412_reduziert-768x256.jpg 768w, https:\/\/leko.service.th-nuernberg.de\/portal-digitale-lehre\/wp-content\/uploads\/2022\/08\/AdobeStock_510103412_reduziert-1536x512.jpg 1536w, https:\/\/leko.service.th-nuernberg.de\/portal-digitale-lehre\/wp-content\/uploads\/2022\/08\/AdobeStock_510103412_reduziert-300x100.jpg 300w, https:\/\/leko.service.th-nuernberg.de\/portal-digitale-lehre\/wp-content\/uploads\/2022\/08\/AdobeStock_510103412_reduziert-1600x533.jpg 1600w\" sizes=\"auto, (max-width: 1920px) 100vw, 1920px\" \/><div class=\"wp-block-cover__inner-container is-layout-flow wp-block-cover-is-layout-flow\">\n<section class=\"wp-block-uagb-section uagb-section__wrap uagb-section__background-gradient uagb-block-ceb03873\"><div class=\"uagb-section__overlay\"><\/div><div class=\"uagb-section__inner-wrap\">\n<h2 class=\"wp-block-heading has-ast-global-color-5-color has-text-color\">Beitragen<\/h2>\n\n\n\n<p>Lehrende der TH N\u00fcrnberg berichten in kurzen Praxisbeispielen von ihren Erfahrungen aus der Lehre. Auch teilen und nutzen sie freie Materialien (OER) und bereichern so ihre wie auch die Lehre anderer. Wenn Sie selbst auch ein Praxisbeispiel beitragen, eine*n Kollegin oder Kollegen empfehlen oder selbst Lehrmaterialien als OER bereit stellen m\u00f6chten, kommen Sie gerne auf uns zu.<\/p>\n<\/div><\/section>\n<\/div><\/div>\n\n\n\n<div style=\"height:50px\" aria-hidden=\"true\" class=\"wp-block-spacer\"><\/div>\n\n\n\n<p>Das Portal Digitale Lehre lebt von der Schwarmintelligenz. Gemeinsam unterst\u00fctzen wir die Hochschullehre durch den Austausch an Erfahrungen in Praxisbeispielen, der Erstellung von Anleitungen oder der Bereitstellung von freien Materialien (OER).  Jeder Beitrag kann die Lehre eines anderen bereichern. Wir freuen uns, wenn Sie auch dazu beitragen.<\/p>\n\n\n\n<section class=\"wp-block-uagb-columns uagb-columns__wrap uagb-columns__background-none uagb-columns__stack-mobile uagb-columns__valign- uagb-columns__gap-10 align uagb-block-b791a0f3 uagb-columns__columns-2 uagb-columns__max_width-theme\"><div class=\"uagb-columns__overlay\"><\/div><div class=\"uagb-columns__inner-wrap uagb-columns__columns-2\">\n<div class=\"wp-block-uagb-column uagb-column__wrap uagb-column__background-color uagb-block-2bf8358a\"><div class=\"uagb-column__overlay\"><\/div>\n<section class=\"wp-block-uagb-section uagb-section__wrap uagb-section__background-gradient uagb-block-1ba9327c\"><div class=\"uagb-section__overlay\"><\/div><div class=\"uagb-section__inner-wrap\">\n<h2 class=\"wp-block-heading has-text-align-center has-ast-global-color-5-color has-text-color\">Erfahrungen teilen<\/h2>\n<\/div><\/section>\n\n\n\n<div style=\"height:20px\" aria-hidden=\"true\" class=\"wp-block-spacer\"><\/div>\n\n\n\n<section class=\"wp-block-uagb-columns uagb-columns__wrap uagb-columns__background-none uagb-columns__stack-mobile uagb-columns__valign- uagb-columns__gap-10 align uagb-block-cf262610 uagb-columns__columns-2 uagb-columns__max_width-theme\"><div class=\"uagb-columns__overlay\"><\/div><div class=\"uagb-columns__inner-wrap uagb-columns__columns-2\">\n<div class=\"wp-block-uagb-column uagb-column__wrap uagb-column__background-undefined uagb-block-753df3b7\"><div class=\"uagb-column__overlay\"><\/div>\n<p class=\"has-ast-global-color-0-color has-text-color\" style=\"font-size:30px\"><strong>1<\/strong><\/p>\n<\/div>\n\n\n\n<div class=\"wp-block-uagb-column uagb-column__wrap uagb-column__background-undefined uagb-block-0b2e5bc7\"><div class=\"uagb-column__overlay\"><\/div>\n<p>Sie haben eine Idee, welche Erfahrungen Sie im Hinblick auf didaktische Ans\u00e4tze, medientechnische L\u00f6sungen, digitale oder innovative Lehre teilen m\u00f6chten.<\/p>\n<\/div>\n<\/div><\/section>\n\n\n\n<section class=\"wp-block-uagb-columns uagb-columns__wrap uagb-columns__background-none uagb-columns__stack-mobile uagb-columns__valign- uagb-columns__gap-10 align uagb-block-5216afdc uagb-columns__columns-2 uagb-columns__max_width-theme\"><div class=\"uagb-columns__overlay\"><\/div><div class=\"uagb-columns__inner-wrap uagb-columns__columns-2\">\n<div class=\"wp-block-uagb-column uagb-column__wrap uagb-column__background-undefined uagb-block-3f48ccc1\"><div class=\"uagb-column__overlay\"><\/div>\n<p class=\"has-ast-global-color-0-color has-text-color\" style=\"font-size:30px\"><strong>2<\/strong><\/p>\n<\/div>\n\n\n\n<div class=\"wp-block-uagb-column uagb-column__wrap uagb-column__background-undefined uagb-block-4bfa2076\"><div class=\"uagb-column__overlay\"><\/div>\n<p>Sie nehmen Kontakt mit Mitarbeiter*innen des LeKo-Teams auf. Sie erhalten eine Vorlage, die Sie bei der Erstellung eines Praxisbeispiels durch Leitfragen unterst\u00fctzt.<\/p>\n<\/div>\n<\/div><\/section>\n\n\n\n<section class=\"wp-block-uagb-columns uagb-columns__wrap uagb-columns__background-none uagb-columns__stack-mobile uagb-columns__valign- uagb-columns__gap-10 align uagb-block-d3cdd8b3 uagb-columns__columns-2 uagb-columns__max_width-theme\"><div class=\"uagb-columns__overlay\"><\/div><div class=\"uagb-columns__inner-wrap uagb-columns__columns-2\">\n<div class=\"wp-block-uagb-column uagb-column__wrap uagb-column__background-undefined uagb-block-26ee2e4a\"><div class=\"uagb-column__overlay\"><\/div>\n<p class=\"has-ast-global-color-0-color has-text-color\" style=\"font-size:30px\"><strong>3<\/strong><\/p>\n<\/div>\n\n\n\n<div class=\"wp-block-uagb-column uagb-column__wrap uagb-column__background-undefined uagb-block-a6c799d4\"><div class=\"uagb-column__overlay\"><\/div>\n<p>Die Mitarbeiter*innen des LeKo-Teams erstellen das Layout und \u00fcbernehmen Ihren Beitrag in das Portal Digitale Lehre.<\/p>\n<\/div>\n<\/div><\/section>\n<\/div>\n\n\n\n<div class=\"wp-block-uagb-column uagb-column__wrap uagb-column__background-color uagb-block-42a9a0a0\"><div class=\"uagb-column__overlay\"><\/div>\n<section class=\"wp-block-uagb-section uagb-section__wrap uagb-section__background-gradient uagb-block-326fd5be\"><div class=\"uagb-section__overlay\"><\/div><div class=\"uagb-section__inner-wrap\">\n<h2 class=\"wp-block-heading has-text-align-center has-ast-global-color-5-color has-text-color\">Lehrmaterialien teilen<\/h2>\n<\/div><\/section>\n\n\n\n<div style=\"height:20px\" aria-hidden=\"true\" class=\"wp-block-spacer\"><\/div>\n\n\n\n<section class=\"wp-block-uagb-columns uagb-columns__wrap uagb-columns__background-none uagb-columns__stack-mobile uagb-columns__valign- uagb-columns__gap-10 align uagb-block-e63e6db1 uagb-columns__columns-2 uagb-columns__max_width-theme\"><div class=\"uagb-columns__overlay\"><\/div><div class=\"uagb-columns__inner-wrap uagb-columns__columns-2\">\n<div class=\"wp-block-uagb-column uagb-column__wrap uagb-column__background-undefined uagb-block-3d37c520\"><div class=\"uagb-column__overlay\"><\/div>\n<p class=\"has-text-color\" style=\"color:#ca3541;font-size:30px\"><strong>1<\/strong><\/p>\n<\/div>\n\n\n\n<div class=\"wp-block-uagb-column uagb-column__wrap uagb-column__background-undefined uagb-block-fcee44a2\"><div class=\"uagb-column__overlay\"><\/div>\n<p>Im Wiki Digitale Lehre informieren Sie sich zu Open Educational Resources (OER). Wenn gew\u00fcnscht, unterst\u00fctzen Sie Mitarbeiter*innen des LeKo-Teams bei der Aufbereitung Ihrer Materialien als OER.<\/p>\n<\/div>\n<\/div><\/section>\n\n\n\n<section class=\"wp-block-uagb-columns uagb-columns__wrap uagb-columns__background-none uagb-columns__stack-mobile uagb-columns__valign- uagb-columns__gap-10 align uagb-block-94b87ede uagb-columns__columns-2 uagb-columns__max_width-theme\"><div class=\"uagb-columns__overlay\"><\/div><div class=\"uagb-columns__inner-wrap uagb-columns__columns-2\">\n<div class=\"wp-block-uagb-column uagb-column__wrap uagb-column__background-undefined uagb-block-9dc9cce2\"><div class=\"uagb-column__overlay\"><\/div>\n<p class=\"has-text-color\" style=\"color:#ca3541;font-size:30px\"><strong>2<\/strong><\/p>\n<\/div>\n\n\n\n<div class=\"wp-block-uagb-column uagb-column__wrap uagb-column__background-undefined uagb-block-befa9002\"><div class=\"uagb-column__overlay\"><\/div>\n<p>Sie bereiten Ihre Materialien auf und laden diese im OER-Bereich der vhb (Virtuelle Hochschule Bayern) hoch.<\/p>\n<\/div>\n<\/div><\/section>\n\n\n\n<section class=\"wp-block-uagb-columns uagb-columns__wrap uagb-columns__background-none uagb-columns__stack-mobile uagb-columns__valign- uagb-columns__gap-10 align uagb-block-dc5d8ca3 uagb-columns__columns-2 uagb-columns__max_width-theme\"><div class=\"uagb-columns__overlay\"><\/div><div class=\"uagb-columns__inner-wrap uagb-columns__columns-2\">\n<div class=\"wp-block-uagb-column uagb-column__wrap uagb-column__background-undefined uagb-block-9a616606\"><div class=\"uagb-column__overlay\"><\/div>\n<p class=\"has-text-color\" style=\"color:#ca3541;font-size:30px\"><strong>3<\/strong><\/p>\n<\/div>\n\n\n\n<div class=\"wp-block-uagb-column uagb-column__wrap uagb-column__background-undefined uagb-block-7166e3b8\"><div class=\"uagb-column__overlay\"><\/div>\n<p>Indem Sie Ihrer <a rel=\"noopener\" href=\"https:\/\/leko.service.th-nuernberg.de\/wiki-digitale-lehre\/doku.php?id=creative_commons_und_oer\" target=\"_blank\">Lizenz <\/a>die Abk\u00fcrzung SA hinzuf\u00fcgen gehen Sie sicher, dass Ihre Materialien nachhaltig als Open Educational Resources (OER) freigegeben sind.<\/p>\n<\/div>\n<\/div><\/section>\n\n\n\n<div style=\"height:50px\" aria-hidden=\"true\" class=\"wp-block-spacer\"><\/div>\n<\/div>\n<\/div><\/section>\n\n\n\n<div style=\"height:20px\" aria-hidden=\"true\" class=\"wp-block-spacer\"><\/div>\n\n\n\n<div class=\"wp-block-buttons is-content-justification-center is-layout-flex wp-container-core-buttons-is-layout-a89b3969 wp-block-buttons-is-layout-flex\">\n<div class=\"wp-block-button\"><a class=\"wp-block-button__link wp-element-button\" href=\"mailto:leko@th-nuernberg.de\">Kontakt aufnehmen<\/a><\/div>\n<\/div>\n\n\n\n<div style=\"height:50px\" aria-hidden=\"true\" class=\"wp-block-spacer\"><\/div>\n","protected":false},"excerpt":{"rendered":"<p>Das Portal Digitale Lehre lebt von der Schwarmintelligenz. Gemeinsam unterst\u00fctzen wir die Hochschullehre durch den Austausch an Erfahrungen in Praxisbeispielen, der Erstellung von Anleitungen oder der Bereitstellung von freien Materialien (OER). Jeder Beitrag kann die Lehre eines anderen bereichern. Wir freuen uns, wenn Sie auch dazu beitragen. 1 Sie haben eine Idee, welche Erfahrungen Sie&hellip;<\/p>\n","protected":false},"author":1,"featured_media":0,"parent":0,"menu_order":0,"comment_status":"closed","ping_status":"closed","template":"","meta":{"_acf_changed":false,"_coblocks_attr":"","_coblocks_dimensions":"","_coblocks_responsive_height":"","_coblocks_accordion_ie_support":"","_uag_custom_page_level_css":"","site-sidebar-layout":"default","site-content-layout":"","ast-site-content-layout":"default","site-content-style":"default","site-sidebar-style":"default","ast-global-header-display":"","ast-banner-title-visibility":"","ast-main-header-display":"","ast-hfb-above-header-display":"","ast-hfb-below-header-display":"","ast-hfb-mobile-header-display":"","site-post-title":"","ast-breadcrumbs-content":"","ast-featured-img":"","footer-sml-layout":"","theme-transparent-header-meta":"","adv-header-id-meta":"","stick-header-meta":"","header-above-stick-meta":"","header-main-stick-meta":"","header-below-stick-meta":"","astra-migrate-meta-layouts":"set","ast-page-background-enabled":"default","ast-page-background-meta":{"desktop":{"background-color":"var(--ast-global-color-4)","background-image":"","background-repeat":"repeat","background-position":"center center","background-size":"auto","background-attachment":"scroll","background-type":"","background-media":"","overlay-type":"","overlay-color":"","overlay-opacity":"","overlay-gradient":""},"tablet":{"background-color":"","background-image":"","background-repeat":"repeat","background-position":"center center","background-size":"auto","background-attachment":"scroll","background-type":"","background-media":"","overlay-type":"","overlay-color":"","overlay-opacity":"","overlay-gradient":""},"mobile":{"background-color":"","background-image":"","background-repeat":"repeat","background-position":"center center","background-size":"auto","background-attachment":"scroll","background-type":"","background-media":"","overlay-type":"","overlay-color":"","overlay-opacity":"","overlay-gradient":""}},"ast-content-background-meta":{"desktop":{"background-color":"var(--ast-global-color-5)","background-image":"","background-repeat":"repeat","background-position":"center center","background-size":"auto","background-attachment":"scroll","background-type":"","background-media":"","overlay-type":"","overlay-color":"","overlay-opacity":"","overlay-gradient":""},"tablet":{"background-color":"var(--ast-global-color-5)","background-image":"","background-repeat":"repeat","background-position":"center center","background-size":"auto","background-attachment":"scroll","background-type":"","background-media":"","overlay-type":"","overlay-color":"","overlay-opacity":"","overlay-gradient":""},"mobile":{"background-color":"var(--ast-global-color-5)","background-image":"","background-repeat":"repeat","background-position":"center center","background-size":"auto","background-attachment":"scroll","background-type":"","background-media":"","overlay-type":"","overlay-color":"","overlay-opacity":"","overlay-gradient":""}},"footnotes":""},"class_list":["post-178","page","type-page","status-publish","hentry"],"acf":[],"uagb_featured_image_src":{"full":false,"thumbnail":false,"medium":false,"medium_large":false,"large":false,"1536x1536":false,"2048x2048":false},"uagb_author_info":{"display_name":"admin","author_link":"https:\/\/leko.service.th-nuernberg.de\/portal-digitale-lehre\/author\/admin\/"},"uagb_comment_info":0,"uagb_excerpt":"Das Portal Digitale Lehre lebt von der Schwarmintelligenz. Gemeinsam unterst\u00fctzen wir die Hochschullehre durch den Austausch an Erfahrungen in Praxisbeispielen, der Erstellung von Anleitungen oder der Bereitstellung von freien Materialien (OER). Jeder Beitrag kann die Lehre eines anderen bereichern. Wir freuen uns, wenn Sie auch dazu beitragen. 1 Sie haben eine Idee, welche Erfahrungen Sie&hellip;","_links":{"self":[{"href":"https:\/\/leko.service.th-nuernberg.de\/portal-digitale-lehre\/wp-json\/wp\/v2\/pages\/178","targetHints":{"allow":["GET"]}}],"collection":[{"href":"https:\/\/leko.service.th-nuernberg.de\/portal-digitale-lehre\/wp-json\/wp\/v2\/pages"}],"about":[{"href":"https:\/\/leko.service.th-nuernberg.de\/portal-digitale-lehre\/wp-json\/wp\/v2\/types\/page"}],"author":[{"embeddable":true,"href":"https:\/\/leko.service.th-nuernberg.de\/portal-digitale-lehre\/wp-json\/wp\/v2\/users\/1"}],"replies":[{"embeddable":true,"href":"https:\/\/leko.service.th-nuernberg.de\/portal-digitale-lehre\/wp-json\/wp\/v2\/comments?post=178"}],"version-history":[{"count":31,"href":"https:\/\/leko.service.th-nuernberg.de\/portal-digitale-lehre\/wp-json\/wp\/v2\/pages\/178\/revisions"}],"predecessor-version":[{"id":2423,"href":"https:\/\/leko.service.th-nuernberg.de\/portal-digitale-lehre\/wp-json\/wp\/v2\/pages\/178\/revisions\/2423"}],"wp:attachment":[{"href":"https:\/\/leko.service.th-nuernberg.de\/portal-digitale-lehre\/wp-json\/wp\/v2\/media?parent=178"}],"curies":[{"name":"wp","href":"https:\/\/api.w.org\/{rel}","templated":true}]}}